[INFO] fetching crate tdn 0.1.0...
[INFO] checking tdn-0.1.0 against master#af3c6e733a40e671550e0f0f5aeecaa13772ba56 for pr-74989
[INFO] extracting crate tdn 0.1.0 into /workspace/builds/worker-2/source
[INFO] validating manifest of crates.io crate tdn 0.1.0 on toolchain af3c6e733a40e671550e0f0f5aeecaa13772ba56
[INFO] running `Command { std: "/workspace/cargo-home/bin/cargo" "+af3c6e733a40e671550e0f0f5aeecaa13772ba56" "read-manifest" "--manifest-path" "Cargo.toml", kill_on_drop: false }`
[INFO] started tweaking crates.io crate tdn 0.1.0
[INFO] finished tweaking crates.io crate tdn 0.1.0
[INFO] tweaked toml for crates.io crate tdn 0.1.0 written to /workspace/builds/worker-2/source/Cargo.toml
[INFO] crate crates.io crate tdn 0.1.0 already has a lockfile, it will not be regenerated
[INFO] running `Command { std: "/workspace/cargo-home/bin/cargo" "+af3c6e733a40e671550e0f0f5aeecaa13772ba56" "fetch" "--locked" "--manifest-path" "Cargo.toml", kill_on_drop: false }`
[INFO] running `Command { std: "docker" "create" "-v" "/var/lib/crater-agent-workspace/builds/worker-2/target:/opt/rustwide/target:rw,Z" "-v" "/var/lib/crater-agent-workspace/builds/worker-2/source:/opt/rustwide/workdir:ro,Z" "-v" "/var/lib/crater-agent-workspace/cargo-home:/opt/rustwide/cargo-home:ro,Z" "-v" "/var/lib/crater-agent-workspace/rustup-home:/opt/rustwide/rustup-home:ro,Z" "-e" "SOURCE_DIR=/opt/rustwide/workdir" "-e" "CARGO_TARGET_DIR=/opt/rustwide/target" "-e" "CARGO_HOME=/opt/rustwide/cargo-home" "-e" "RUSTUP_HOME=/opt/rustwide/rustup-home" "-w" "/opt/rustwide/workdir" "-m" "1610612736" "--user" "0:0" "--network" "none" "rustops/crates-build-env@sha256:d92eaeed33fa75130ca1ee6c8a01d1ffb62bac859dfdfb3450e3e5d1c0146529" "/opt/rustwide/cargo-home/bin/cargo" "+af3c6e733a40e671550e0f0f5aeecaa13772ba56" "metadata" "--no-deps" "--format-version=1", kill_on_drop: false }`
[INFO] [stdout] edcacb3eb978b8f7f5c0a21b3fb0d794aff519c89d9c88b828f837fdbc742a7f
[INFO] [stderr] WARNING: Your kernel does not support swap limit capabilities or the cgroup is not mounted. Memory limited without swap.
[INFO] running `Command { std: "docker" "start" "-a" "edcacb3eb978b8f7f5c0a21b3fb0d794aff519c89d9c88b828f837fdbc742a7f", kill_on_drop: false }`
[INFO] running `Command { std: "docker" "inspect" "edcacb3eb978b8f7f5c0a21b3fb0d794aff519c89d9c88b828f837fdbc742a7f", kill_on_drop: false }`
[INFO] running `Command { std: "docker" "rm" "-f" "edcacb3eb978b8f7f5c0a21b3fb0d794aff519c89d9c88b828f837fdbc742a7f", kill_on_drop: false }`
[INFO] [stdout] edcacb3eb978b8f7f5c0a21b3fb0d794aff519c89d9c88b828f837fdbc742a7f
[INFO] running `Command { std: "docker" "create" "-v" "/var/lib/crater-agent-workspace/builds/worker-2/target:/opt/rustwide/target:rw,Z" "-v" "/var/lib/crater-agent-workspace/builds/worker-2/source:/opt/rustwide/workdir:ro,Z" "-v" "/var/lib/crater-agent-workspace/cargo-home:/opt/rustwide/cargo-home:ro,Z" "-v" "/var/lib/crater-agent-workspace/rustup-home:/opt/rustwide/rustup-home:ro,Z" "-e" "SOURCE_DIR=/opt/rustwide/workdir" "-e" "CARGO_TARGET_DIR=/opt/rustwide/target" "-e" "CARGO_INCREMENTAL=0" "-e" "RUST_BACKTRACE=full" "-e" "RUSTFLAGS=--cap-lints=forbid" "-e" "CARGO_HOME=/opt/rustwide/cargo-home" "-e" "RUSTUP_HOME=/opt/rustwide/rustup-home" "-w" "/opt/rustwide/workdir" "-m" "1610612736" "--user" "0:0" "--network" "none" "rustops/crates-build-env@sha256:d92eaeed33fa75130ca1ee6c8a01d1ffb62bac859dfdfb3450e3e5d1c0146529" "/opt/rustwide/cargo-home/bin/cargo" "+af3c6e733a40e671550e0f0f5aeecaa13772ba56" "check" "--frozen" "--all" "--all-targets" "--message-format=json", kill_on_drop: false }`
[INFO] [stdout] 770a640ad67dd87e6cb10487de225195c5b3c309c6bbcd3fe7ff10f59b1d0383
[INFO] [stderr] WARNING: Your kernel does not support swap limit capabilities or the cgroup is not mounted. Memory limited without swap.
[INFO] running `Command { std: "docker" "start" "-a" "770a640ad67dd87e6cb10487de225195c5b3c309c6bbcd3fe7ff10f59b1d0383", kill_on_drop: false }`
[INFO] [stderr]    Compiling unicode-xid v0.2.0
[INFO] [stderr]    Compiling syn v1.0.31
[INFO] [stderr]     Checking cfg-if v0.1.10
[INFO] [stderr]    Compiling typenum v1.12.0
[INFO] [stderr]    Compiling byteorder v1.3.4
[INFO] [stderr]    Compiling autocfg v1.0.0
[INFO] [stderr]    Compiling getrandom v0.1.14
[INFO] [stderr]    Compiling memchr v2.3.3
[INFO] [stderr]    Compiling proc-macro-nested v0.1.5
[INFO] [stderr]    Compiling maybe-uninit v2.0.0
[INFO] [stderr]     Checking smallvec v1.4.0
[INFO] [stderr]     Checking lazy_static v1.4.0
[INFO] [stderr]     Checking once_cell v1.4.0
[INFO] [stderr]     Checking futures-core v0.3.5
[INFO] [stderr]     Checking pin-utils v0.1.0
[INFO] [stderr]     Checking scopeguard v1.1.0
[INFO] [stderr]    Compiling log v0.4.8
[INFO] [stderr]     Checking slab v0.4.2
[INFO] [stderr]     Checking ppv-lite86 v0.2.8
[INFO] [stderr]     Checking matches v0.1.8
[INFO] [stderr]    Compiling cc v1.0.54
[INFO] [stderr]    Compiling httparse v1.3.4
[INFO] [stderr]    Compiling crc32fast v1.2.0
[INFO] [stderr]     Checking bytes v0.5.4
[INFO] [stderr]     Checking itoa v0.4.5
[INFO] [stderr]     Checking percent-encoding v2.1.0
[INFO] [stderr]    Compiling ryu v1.0.5
[INFO] [stderr]     Checking keccak v0.1.0
[INFO] [stderr]     Checking scoped-tls-hkt v0.1.2
[INFO] [stderr]     Checking fnv v1.0.7
[INFO] [stderr]     Checking base64 v0.11.0
[INFO] [stderr]     Checking utf-8 v0.7.5
[INFO] [stderr]     Checking bit-vec v0.6.2
[INFO] [stderr]     Checking pin-project-lite v0.1.7
[INFO] [stderr]    Compiling serde_json v1.0.55
[INFO] [stderr]     Checking mime v0.3.16
[INFO] [stderr]     Checking lock_api v0.3.4
[INFO] [stderr]     Checking futures-channel v0.3.5
[INFO] [stderr]     Checking futures-task v0.3.5
[INFO] [stderr]     Checking unicode-bidi v0.3.4
[INFO] [stderr]     Checking unicode-normalization v0.1.12
[INFO] [stderr]    Compiling proc-macro2 v1.0.18
[INFO] [stderr]    Compiling crossbeam-utils v0.7.2
[INFO] [stderr]    Compiling memoffset v0.5.4
[INFO] [stderr]    Compiling crossbeam-epoch v0.8.2
[INFO] [stderr]     Checking socket2 v0.3.12
[INFO] [stderr]     Checking parking_lot_core v0.7.2
[INFO] [stderr]     Checking fs2 v0.4.3
[INFO] [stderr]     Checking num_cpus v1.13.0
[INFO] [stderr]     Checking dirs-sys v0.3.5
[INFO] [stderr]     Checking input_buffer v0.3.1
[INFO] [stderr]     Checking http v0.2.1
[INFO] [stderr]     Checking dirs v2.0.2
[INFO] [stderr]     Checking rand_core v0.5.1
[INFO] [stderr]     Checking kv-log-macro v1.0.6
[INFO] [stderr]     Checking parking_lot v0.10.2
[INFO] [stderr]     Checking rand_chacha v0.2.2
[INFO] [stderr]    Compiling quote v1.0.7
[INFO] [stderr]     Checking fxhash v0.2.1
[INFO] [stderr]    Compiling clear_on_drop v0.2.4
[INFO] [stderr]     Checking rand v0.7.3
[INFO] [stderr]     Checking crossbeam-queue v0.2.3
[INFO] [stderr]     Checking idna v0.2.0
[INFO] [stderr]     Checking crossbeam-deque v0.7.3
[INFO] [stderr]     Checking sled v0.31.0
[INFO] [stderr]     Checking generic-array v0.12.3
[INFO] [stderr]     Checking generic-array v0.14.1
[INFO] [stderr]     Checking digest v0.8.1
[INFO] [stderr]     Checking block-buffer v0.7.3
[INFO] [stderr]     Checking url v2.1.1
[INFO] [stderr]     Checking block-cipher v0.7.1
[INFO] [stderr]     Checking sha-1 v0.8.2
[INFO] [stderr]     Checking sha2 v0.8.2
[INFO] [stderr]     Checking sha3 v0.8.2
[INFO] [stderr]     Checking aes-soft v0.4.0
[INFO] [stderr]     Checking block-modes v0.4.0
[INFO] [stderr]     Checking tungstenite v0.10.1
[INFO] [stderr]    Compiling synstructure v0.12.4
[INFO] [stderr]    Compiling pin-project-internal v0.4.20
[INFO] [stderr]    Compiling futures-macro v0.3.5
[INFO] [stderr]    Compiling serde_derive v1.0.111
[INFO] [stderr]    Compiling zeroize_derive v1.0.0
[INFO] [stderr]    Compiling async-trait v0.1.35
[INFO] [stderr]     Checking zeroize v1.1.0
[INFO] [stderr]     Checking curve25519-dalek v2.1.0
[INFO] [stderr]     Checking x25519-dalek v0.6.0
[INFO] [stderr]     Checking ed25519-dalek v1.0.0-pre.3
[INFO] [stderr]     Checking pin-project v0.4.20
[INFO] [stderr]     Checking futures-util v0.3.5
[INFO] [stderr]     Checking serde v1.0.111
[INFO] [stderr]     Checking piper v0.1.3
[INFO] [stderr]     Checking futures-executor v0.3.5
[INFO] [stderr]     Checking async-tungstenite v0.4.2
[INFO] [stderr]     Checking futures v0.3.5
[INFO] [stderr]     Checking smol v0.1.11
[INFO] [stderr]     Checking async-std v1.6.0
[INFO] [stderr]     Checking bincode v1.2.1
[INFO] [stderr]     Checking toml v0.5.6
[INFO] [stderr]     Checking rckad v0.0.6
[INFO] [stderr]     Checking chamomile v0.1.1
[INFO] [stderr]     Checking tdn v0.1.0 (/opt/rustwide/workdir)
[INFO] [stdout] error[E0601]: `main` function not found in crate `app_with_config_file`
[INFO] [stdout]   |
[INFO] [stdout]   = note: consider adding a `main` function to `examples/app_with_config_file.rs`
[INFO] [stdout] 
[INFO] [stdout] 
[INFO] [stdout] error: aborting due to previous error
[INFO] [stdout] 
[INFO] [stdout] 
[INFO] [stdout] For more information about this error, try `rustc --explain E0601`.
[INFO] [stdout] 
[INFO] [stderr] error: could not compile `tdn`.
[INFO] [stderr] 
[INFO] [stderr] To learn more, run the command again with --verbose.
[INFO] [stderr] warning: build failed, waiting for other jobs to finish...
[INFO] [stdout] error[E0601]: `main` function not found in crate `app_layer_one`
[INFO] [stdout]   |
[INFO] [stdout]   = note: consider adding a `main` function to `examples/app_layer_one.rs`
[INFO] [stdout] 
[INFO] [stdout] 
[INFO] [stdout] error: aborting due to previous error
[INFO] [stdout] 
[INFO] [stdout] 
[INFO] [stdout] For more information about this error, try `rustc --explain E0601`.
[INFO] [stdout] 
[INFO] [stdout] error[E0601]: `main` function not found in crate `app_layer_two`
[INFO] [stdout]   |
[INFO] [stdout]   = note: consider adding a `main` function to `examples/app_layer_two.rs`
[INFO] [stdout] 
[INFO] [stdout] 
[INFO] [stdout] error: aborting due to previous error
[INFO] [stdout] 
[INFO] [stdout] 
[INFO] [stdout] For more information about this error, try `rustc --explain E0601`.
[INFO] [stdout] 
[INFO] [stdout] error[E0601]: `main` function not found in crate `app_permissioned`
[INFO] [stdout]   |
[INFO] [stdout]   = note: consider adding a `main` function to `examples/app_permissioned.rs`
[INFO] [stdout] 
[INFO] [stdout] 
[INFO] [stdout] error: aborting due to previous error
[INFO] [stdout] 
[INFO] [stdout] 
[INFO] [stdout] For more information about this error, try `rustc --explain E0601`.
[INFO] [stdout] 
[INFO] [stdout] error[E0601]: `main` function not found in crate `app_custom_transport`
[INFO] [stdout]   |
[INFO] [stdout]   = note: consider adding a `main` function to `examples/app_custom_transport.rs`
[INFO] [stdout] 
[INFO] [stdout] 
[INFO] [stdout] error: aborting due to previous error
[INFO] [stdout] 
[INFO] [stdout] 
[INFO] [stdout] For more information about this error, try `rustc --explain E0601`.
[INFO] [stdout] 
[INFO] [stdout] error[E0601]: `main` function not found in crate `app_permissionless`
[INFO] [stdout]   |
[INFO] [stdout]   = note: consider adding a `main` function to `examples/app_permissionless.rs`
[INFO] [stdout] 
[INFO] [stdout] 
[INFO] [stdout] error: aborting due to previous error
[INFO] [stdout] 
[INFO] [stdout] 
[INFO] [stdout] For more information about this error, try `rustc --explain E0601`.
[INFO] [stdout] 
[INFO] [stdout] error[E0432]: unresolved import `tdn_permission`
[INFO] [stdout]  --> examples/simple.rs:3:5
[INFO] [stdout]   |
[INFO] [stdout] 3 | use tdn_permission::PermissionlessGroup;
[INFO] [stdout]   |     ^^^^^^^^^^^^^^ use of undeclared type or module `tdn_permission`
[INFO] [stdout] 
[INFO] [stdout] 
[INFO] [stdout] error: aborting due to previous error
[INFO] [stdout] 
[INFO] [stdout] 
[INFO] [stdout] For more information about this error, try `rustc --explain E0432`.
[INFO] [stdout] 
[INFO] [stderr] error: build failed
[INFO] running `Command { std: "docker" "inspect" "770a640ad67dd87e6cb10487de225195c5b3c309c6bbcd3fe7ff10f59b1d0383", kill_on_drop: false }`
[INFO] running `Command { std: "docker" "rm" "-f" "770a640ad67dd87e6cb10487de225195c5b3c309c6bbcd3fe7ff10f59b1d0383", kill_on_drop: false }`
[INFO] [stdout] 770a640ad67dd87e6cb10487de225195c5b3c309c6bbcd3fe7ff10f59b1d0383
